{"id":129,"date":"2016-05-06T18:28:05","date_gmt":"2016-05-06T21:28:05","guid":{"rendered":"http:\/\/85c.ec9.myftpupload.com\/?page_id=129"},"modified":"2016-05-07T17:47:24","modified_gmt":"2016-05-07T20:47:24","slug":"consultoria-impositiva","status":"publish","type":"page","link":"https:\/\/estudiornya.com.ar\/wordpress\/consultoria-impositiva\/","title":{"rendered":"Consultor\u00eda Impositiva"},"content":{"rendered":"<table border=\"0\" width=\"95%\" cellspacing=\"2\" cellpadding=\"2\" align=\"center\">\n<tbody>\n<tr>\n<td width=\"509\">\n<h3 align=\"justify\"><strong><em><span class=\"Estilo10\" style=\"color: #800000;\">La evaluaci\u00f3n previa del impacto fiscal en los negocios, constituye una herramienta esencial para la toma de decisiones empresariales. Por eso nuestro asesoramiento tributario apunta fundamentalmente a la planificaci\u00f3n impositiva.<\/span><\/em><\/strong><\/h3>\n<\/td>\n<\/tr>\n<tr>\n<td colspan=\"3\">\n<p align=\"justify\">Velamos por la seguridad de nuestros clientes y buscamos acciones preventivas en ese sentido. No obstante estamos entrenados para resolver situaciones urgentes y a trabajar bajo la presi\u00f3n de los plazos perentorios.<\/p>\n<p align=\"justify\">En un contexto internacional globalizado, las empresas operan en diferentes pa\u00edses, con distintas estructuras tributarias, sumado a que en el \u00e1mbito local la estructura impositiva es de alta complejidad. Esto exige una planificaci\u00f3n fiscal global, que optimice el impacto positivo final sobre los negocios. Contamos con una vasta experiencia en el mercado nacional e internacional que nos permite desarrollar estrategias y una planificaci\u00f3n adecuada.<\/p>\n<p class=\"Estilo9\" align=\"justify\"># Asesoramiento en Materia de Tributos Nacionales, Provinciales y Municipales<br \/>\n# Planificaci\u00f3n Tributaria a nivel local e internac. para minimizar el costo fiscal, dentro de las normas legales<br \/>\n# Asesoramiento y Asistencia en oportunidades de Inspecciones Impositivas<br \/>\n# Asesoramiento en cuanto al R\u00e9gimen de Facturaci\u00f3n y Registraci\u00f3n<br \/>\n# Contestaci\u00f3n de Requerimientos, Intimaciones y Sumarios ante los entes Nacionales, Prov. y Municipales<br \/>\n# Liquidaci\u00f3n de Impuestos Nacionales y Provinciales<br \/>\n# Liquidaci\u00f3n de Tasas Municipales y Tasas de Seguridad e Higiene<br \/>\n# Asesoramiento y Asistencia de Planes de Facilidades de Pagos<br \/>\n# Verificaci\u00f3n de la validez de las facturas de proveedores<\/p>\n<\/td>\n<\/tr>\n<\/tbody>\n<\/table>\n","protected":false},"excerpt":{"rendered":"<p>La evaluaci\u00f3n previa del impacto fiscal en los negocios, constituye una herramienta esencial para la toma de decisiones empresariales. Por eso nuestro asesoramiento tributario apunta [&hellip;]<\/p>\n","protected":false},"author":1,"featured_media":0,"parent":0,"menu_order":0,"comment_status":"closed","ping_status":"closed","template":"template-full-width.php","meta":{"footnotes":""},"class_list":["post-129","page","type-page","status-publish","hentry"],"_links":{"self":[{"href":"https:\/\/estudiornya.com.ar\/wordpress\/wp-json\/wp\/v2\/pages\/129","targetHints":{"allow":["GET"]}}],"collection":[{"href":"https:\/\/estudiornya.com.ar\/wordpress\/wp-json\/wp\/v2\/pages"}],"about":[{"href":"https:\/\/estudiornya.com.ar\/wordpress\/wp-json\/wp\/v2\/types\/page"}],"author":[{"embeddable":true,"href":"https:\/\/estudiornya.com.ar\/wordpress\/wp-json\/wp\/v2\/users\/1"}],"replies":[{"embeddable":true,"href":"https:\/\/estudiornya.com.ar\/wordpress\/wp-json\/wp\/v2\/comments?post=129"}],"version-history":[{"count":1,"href":"https:\/\/estudiornya.com.ar\/wordpress\/wp-json\/wp\/v2\/pages\/129\/revisions"}],"predecessor-version":[{"id":149,"href":"https:\/\/estudiornya.com.ar\/wordpress\/wp-json\/wp\/v2\/pages\/129\/revisions\/149"}],"wp:attachment":[{"href":"https:\/\/estudiornya.com.ar\/wordpress\/wp-json\/wp\/v2\/media?parent=129"}],"curies":[{"name":"wp","href":"https:\/\/api.w.org\/{rel}","templated":true}]}}